{"id":11095,"date":"2024-07-05T01:01:33","date_gmt":"2024-07-04T22:01:33","guid":{"rendered":"https:\/\/akkayaotomotiv.com.tr\/?page_id=11095"},"modified":"2024-09-18T01:29:08","modified_gmt":"2024-09-17T22:29:08","slug":"corteco-yedek-parca","status":"publish","type":"page","link":"https:\/\/akkayaotomotiv.com.tr\/index.php\/corteco-yedek-parca\/","title":{"rendered":"Corteco Yedek Par\u00e7a"},"content":{"rendered":"\t\t<div data-elementor-type=\"wp-page\" data-elementor-id=\"11095\" class=\"elementor elementor-11095\" data-elementor-post-type=\"page\">\n\t\t\t\t\t\t<section class=\"wd-negative-gap elementor-section elementor-top-section elementor-element elementor-element-30f4b337 elementor-section-content-middle wd-section-stretch elementor-section-height-min-height elementor-section-boxed elementor-section-height-default elementor-section-items-middle\" data-id=\"30f4b337\" data-element_type=\"section\" data-settings=\"{&quot;background_background&quot;:&quot;classic&quot;}\">\n\t\t\t\t\t\t\t<div class=\"elementor-background-overlay\"><\/div>\n\t\t\t\t\t\t\t<div class=\"elementor-container elementor-column-gap-default\">\n\t\t\t\t\t<div class=\"elementor-column elementor-col-100 elementor-top-column elementor-element elementor-element-709130a2\" data-id=\"709130a2\" data-element_type=\"column\">\n\t\t\t<div class=\"elementor-widget-wrap elementor-element-populated\">\n\t\t\t\t\t\t\t<\/div>\n\t\t<\/div>\n\t\t\t\t\t<\/div>\n\t\t<\/section>\n\t\t\t\t<section class=\"wd-negative-gap elementor-section elementor-top-section elementor-element elementor-element-9dcaf7b wd-section-stretch elementor-section-boxed elementor-section-height-default elementor-section-height-default\" data-id=\"9dcaf7b\" data-element_type=\"section\">\n\t\t\t\t\t\t<div class=\"elementor-container elementor-column-gap-default\">\n\t\t\t\t\t<div class=\"elementor-column elementor-col-50 elementor-top-column elementor-element elementor-element-e3f0f89\" data-id=\"e3f0f89\" data-element_type=\"column\">\n\t\t\t<div class=\"elementor-widget-wrap elementor-element-populated\">\n\t\t\t\t\t\t<div class=\"elementor-element elementor-element-6fe2c2a elementor-widget elementor-widget-image\" data-id=\"6fe2c2a\" data-element_type=\"widget\" data-widget_type=\"image.default\">\n\t\t\t\t<div class=\"elementor-widget-container\">\n\t\t\t\t\t\t\t\t\t\t\t\t\t<img fetchpriority=\"high\" decoding=\"async\" width=\"768\" height=\"269\" src=\"https:\/\/akkayaotomotiv.com.tr\/wp-content\/uploads\/2024\/09\/corteco-logo-768x269.png\" class=\"attachment-medium_large size-medium_large wp-image-11201\" alt=\"\" srcset=\"https:\/\/akkayaotomotiv.com.tr\/wp-content\/uploads\/2024\/09\/corteco-logo-768x269.png 768w, https:\/\/akkayaotomotiv.com.tr\/wp-content\/uploads\/2024\/09\/corteco-logo-400x140.png 400w, https:\/\/akkayaotomotiv.com.tr\/wp-content\/uploads\/2024\/09\/corteco-logo.png 1024w\" sizes=\"(max-width: 768px) 100vw, 768px\" \/>\t\t\t\t\t\t\t\t\t\t\t\t\t<\/div>\n\t\t\t\t<\/div>\n\t\t\t\t<div class=\"elementor-element elementor-element-8c124e6 elementor-widget elementor-widget-image\" data-id=\"8c124e6\" data-element_type=\"widget\" data-widget_type=\"image.default\">\n\t\t\t\t<div class=\"elementor-widget-container\">\n\t\t\t\t\t\t\t\t\t\t\t\t\t<img decoding=\"async\" width=\"768\" height=\"797\" src=\"https:\/\/akkayaotomotiv.com.tr\/wp-content\/uploads\/2024\/07\/corteco-yedek-parca-768x797.webp\" class=\"attachment-medium_large size-medium_large wp-image-11098\" alt=\"\" srcset=\"https:\/\/akkayaotomotiv.com.tr\/wp-content\/uploads\/2024\/07\/corteco-yedek-parca-768x797.webp 768w, https:\/\/akkayaotomotiv.com.tr\/wp-content\/uploads\/2024\/07\/corteco-yedek-parca-289x300.webp 289w, https:\/\/akkayaotomotiv.com.tr\/wp-content\/uploads\/2024\/07\/corteco-yedek-parca-771x800.webp 771w, https:\/\/akkayaotomotiv.com.tr\/wp-content\/uploads\/2024\/07\/corteco-yedek-parca-1480x1536.webp 1480w, https:\/\/akkayaotomotiv.com.tr\/wp-content\/uploads\/2024\/07\/corteco-yedek-parca.webp 1850w\" sizes=\"(max-width: 768px) 100vw, 768px\" \/>\t\t\t\t\t\t\t\t\t\t\t\t\t<\/div>\n\t\t\t\t<\/div>\n\t\t\t\t\t<\/div>\n\t\t<\/div>\n\t\t\t\t<div class=\"elementor-column elementor-col-50 elementor-top-column elementor-element elementor-element-8aded48\" data-id=\"8aded48\" data-element_type=\"column\">\n\t\t\t<div class=\"elementor-widget-wrap elementor-element-populated\">\n\t\t\t\t\t\t<div class=\"elementor-element elementor-element-36d8e27 elementor-widget elementor-widget-wd_text_block\" data-id=\"36d8e27\" data-element_type=\"widget\" data-widget_type=\"wd_text_block.default\">\n\t\t\t\t<div class=\"elementor-widget-container\">\n\t\t\t\t\t\t<link rel=\"stylesheet\" id=\"wd-text-block-css\" href=\"https:\/\/akkayaotomotiv.com.tr\/wp-content\/themes\/woodmart\/css\/parts\/el-text-block.min.css?ver=7.1.4\" type=\"text\/css\" media=\"all\" \/> \t\t\t\t\t<div class=\"wd-text-block reset-last-child text-left\">\n\t\t\t\n\t\t\t<p>Corteco, Freudenberg Grubu'nun \u00f6nde gelen bir par\u00e7as\u0131 olarak, yedek par\u00e7a end\u00fcstrisinde m\u00fckemmeliyet ve yenilik\u00e7ilik konusundaki kararl\u0131l\u0131\u011f\u0131n\u0131 simgeliyor. Hassas m\u00fchendislik gelene\u011fini ve \u00fcst\u00fcn kaliteyi benimseyen Corteco, m\u00fc\u015fteri odakl\u0131 \u00e7\u00f6z\u00fcmleriyle end\u00fcstri standartlar\u0131n\u0131 s\u00fcrekli olarak a\u015fmaktad\u0131r.<\/p><p>Corteco, ara\u00e7 performans\u0131n\u0131 ve g\u00fcvenilirli\u011fini optimize eden 26.000'den fazla premium s\u0131zd\u0131rmazl\u0131k teknolojisi, titre\u015fim kontrol bile\u015feni ve yenilik\u00e7i kabin hava filtresi \u00e7\u00f6z\u00fcmleri sunmaktad\u0131r. Freudenberg Grubu'nun geni\u015f kaynaklar\u0131 ve uzmanl\u0131\u011f\u0131ndan faydalanarak, Corteco s\u00fcrekli olarak teknolojik ilerlemenin s\u0131n\u0131rlar\u0131n\u0131 zorlamaktad\u0131r.<\/p><p>\u0130\u015fletme faaliyetlerinin her y\u00f6n\u00fcnde d\u00fcr\u00fcstl\u00fck, g\u00fcvenilirlik ve s\u00fcrekli iyile\u015ftirme gibi temel de\u011ferlerimizle, Corteco m\u00fc\u015fterileriyle uzun s\u00fcreli ortakl\u0131klar kurmaya adanm\u0131\u015ft\u0131r. Keskin \u00fcr\u00fcnler, ola\u011fan\u00fcst\u00fc hizmet ve kapsaml\u0131 destek arac\u0131l\u0131\u011f\u0131yla e\u015fsiz de\u011fer sunmay\u0131 taahh\u00fct ediyoruz.<\/p>\n\t\t\t\t\t<\/div>\n\t\t\t\t<\/div>\n\t\t\t\t<\/div>\n\t\t\t\t\t<\/div>\n\t\t<\/div>\n\t\t\t\t\t<\/div>\n\t\t<\/section>\n\t\t\t\t<section class=\"wd-negative-gap elementor-section elementor-top-section elementor-element elementor-element-d4e159e wd-section-stretch elementor-section-boxed elementor-section-height-default elementor-section-height-default\" data-id=\"d4e159e\" data-element_type=\"section\">\n\t\t\t\t\t\t<div class=\"elementor-container elementor-column-gap-default\">\n\t\t\t\t\t<div class=\"elementor-column elementor-col-100 elementor-top-column elementor-element elementor-element-c0aa2f6\" data-id=\"c0aa2f6\" data-element_type=\"column\">\n\t\t\t<div class=\"elementor-widget-wrap elementor-element-populated\">\n\t\t\t\t\t\t<div class=\"elementor-element elementor-element-a9b8621 elementor-widget elementor-widget-image-gallery\" data-id=\"a9b8621\" data-element_type=\"widget\" data-widget_type=\"image-gallery.default\">\n\t\t\t\t<div class=\"elementor-widget-container\">\n\t\t\t\t\t<div class=\"elementor-image-gallery\">\n\t\t\t\t\t\t<link rel=\"stylesheet\" id=\"wd-mfp-popup-css\" href=\"https:\/\/akkayaotomotiv.com.tr\/wp-content\/themes\/woodmart\/css\/parts\/lib-magnific-popup.min.css?ver=7.1.4\" type=\"text\/css\" media=\"all\" \/> \t\t\t\n\t\t<style type=\"text\/css\">\n\t\t\t#gallery-1 {\n\t\t\t\tmargin: auto;\n\t\t\t}\n\t\t\t#gallery-1 .gallery-item {\n\t\t\t\tfloat: left;\n\t\t\t\tmargin-top: 10px;\n\t\t\t\ttext-align: center;\n\t\t\t\twidth: 25%;\n\t\t\t}\n\t\t\t#gallery-1 img {\n\t\t\t\tborder: 2px solid #cfcfcf;\n\t\t\t}\n\t\t\t#gallery-1 .gallery-caption {\n\t\t\t\tmargin-left: 0;\n\t\t\t}\n\t\t\t\/* see gallery_shortcode() in wp-includes\/media.php *\/\n\t\t<\/style>\n\t\t<div id='gallery-1' class='gallery galleryid-11095 gallery-columns-4 gallery-size-thumbnail'><dl class='gallery-item'>\n\t\t\t<dt class='gallery-icon landscape'>\n\t\t\t\t<a data-elementor-open-lightbox=\"yes\" data-elementor-lightbox-slideshow=\"a9b8621\" data-elementor-lightbox-title=\"CTC-83430604\" data-e-action-hash=\"#elementor-action%3Aaction%3Dlightbox%26settings%3DeyJpZCI6MTEyMjksInVybCI6Imh0dHBzOlwvXC9ha2theWFvdG9tb3Rpdi5jb20udHJcL3dwLWNvbnRlbnRcL3VwbG9hZHNcLzIwMjRcLzA5XC9DVEMtODM0MzA2MDQuanBnIiwic2xpZGVzaG93IjoiYTliODYyMSJ9\" href='https:\/\/akkayaotomotiv.com.tr\/wp-content\/uploads\/2024\/09\/CTC-83430604.jpg'><img decoding=\"async\" width=\"150\" height=\"150\" src=\"https:\/\/akkayaotomotiv.com.tr\/wp-content\/uploads\/2024\/09\/CTC-83430604-150x150.jpg\" class=\"attachment-thumbnail size-thumbnail\" alt=\"\" \/><\/a>\n\t\t\t<\/dt><\/dl><dl class='gallery-item'>\n\t\t\t<dt class='gallery-icon landscape'>\n\t\t\t\t<a data-elementor-open-lightbox=\"yes\" data-elementor-lightbox-slideshow=\"a9b8621\" data-elementor-lightbox-title=\"CTC-83497995\" data-e-action-hash=\"#elementor-action%3Aaction%3Dlightbox%26settings%3DeyJpZCI6MTEyMzAsInVybCI6Imh0dHBzOlwvXC9ha2theWFvdG9tb3Rpdi5jb20udHJcL3dwLWNvbnRlbnRcL3VwbG9hZHNcLzIwMjRcLzA5XC9DVEMtODM0OTc5OTUtc2NhbGVkLmpwZyIsInNsaWRlc2hvdyI6ImE5Yjg2MjEifQ%3D%3D\" href='https:\/\/akkayaotomotiv.com.tr\/wp-content\/uploads\/2024\/09\/CTC-83497995-scaled.jpg'><img loading=\"lazy\" decoding=\"async\" width=\"150\" height=\"150\" src=\"https:\/\/akkayaotomotiv.com.tr\/wp-content\/uploads\/2024\/09\/CTC-83497995-150x150.jpg\" class=\"attachment-thumbnail size-thumbnail\" alt=\"\" srcset=\"https:\/\/akkayaotomotiv.com.tr\/wp-content\/uploads\/2024\/09\/CTC-83497995-150x150.jpg 150w, https:\/\/akkayaotomotiv.com.tr\/wp-content\/uploads\/2024\/09\/CTC-83497995-700x700.jpg 700w\" sizes=\"(max-width: 150px) 100vw, 150px\" \/><\/a>\n\t\t\t<\/dt><\/dl><dl class='gallery-item'>\n\t\t\t<dt class='gallery-icon portrait'>\n\t\t\t\t<a data-elementor-open-lightbox=\"yes\" data-elementor-lightbox-slideshow=\"a9b8621\" data-elementor-lightbox-title=\"CTC_023656P\" data-e-action-hash=\"#elementor-action%3Aaction%3Dlightbox%26settings%3DeyJpZCI6MTEyMzEsInVybCI6Imh0dHBzOlwvXC9ha2theWFvdG9tb3Rpdi5jb20udHJcL3dwLWNvbnRlbnRcL3VwbG9hZHNcLzIwMjRcLzA5XC9DVENfMDIzNjU2UC1zY2FsZWQuanBnIiwic2xpZGVzaG93IjoiYTliODYyMSJ9\" href='https:\/\/akkayaotomotiv.com.tr\/wp-content\/uploads\/2024\/09\/CTC_023656P-scaled.jpg'><img loading=\"lazy\" decoding=\"async\" width=\"150\" height=\"150\" src=\"https:\/\/akkayaotomotiv.com.tr\/wp-content\/uploads\/2024\/09\/CTC_023656P-150x150.jpg\" class=\"attachment-thumbnail size-thumbnail\" alt=\"\" srcset=\"https:\/\/akkayaotomotiv.com.tr\/wp-content\/uploads\/2024\/09\/CTC_023656P-150x150.jpg 150w, https:\/\/akkayaotomotiv.com.tr\/wp-content\/uploads\/2024\/09\/CTC_023656P-700x700.jpg 700w\" sizes=\"(max-width: 150px) 100vw, 150px\" \/><\/a>\n\t\t\t<\/dt><\/dl><dl class='gallery-item'>\n\t\t\t<dt class='gallery-icon portrait'>\n\t\t\t\t<a data-elementor-open-lightbox=\"yes\" data-elementor-lightbox-slideshow=\"a9b8621\" data-elementor-lightbox-title=\"CTC_411260P\" data-e-action-hash=\"#elementor-action%3Aaction%3Dlightbox%26settings%3DeyJpZCI6MTEyMzIsInVybCI6Imh0dHBzOlwvXC9ha2theWFvdG9tb3Rpdi5jb20udHJcL3dwLWNvbnRlbnRcL3VwbG9hZHNcLzIwMjRcLzA5XC9DVENfNDExMjYwUC1zY2FsZWQuanBnIiwic2xpZGVzaG93IjoiYTliODYyMSJ9\" href='https:\/\/akkayaotomotiv.com.tr\/wp-content\/uploads\/2024\/09\/CTC_411260P-scaled.jpg'><img loading=\"lazy\" decoding=\"async\" width=\"150\" height=\"150\" src=\"https:\/\/akkayaotomotiv.com.tr\/wp-content\/uploads\/2024\/09\/CTC_411260P-150x150.jpg\" class=\"attachment-thumbnail size-thumbnail\" alt=\"\" srcset=\"https:\/\/akkayaotomotiv.com.tr\/wp-content\/uploads\/2024\/09\/CTC_411260P-150x150.jpg 150w, https:\/\/akkayaotomotiv.com.tr\/wp-content\/uploads\/2024\/09\/CTC_411260P-700x700.jpg 700w\" sizes=\"(max-width: 150px) 100vw, 150px\" \/><\/a>\n\t\t\t<\/dt><\/dl><br style=\"clear: both\" \/>\n\t\t<\/div>\n\t\t<\/div>\n\t\t\t\t<\/div>\n\t\t\t\t<\/div>\n\t\t\t\t\t<\/div>\n\t\t<\/div>\n\t\t\t\t\t<\/div>\n\t\t<\/section>\n\t\t\t\t<section class=\"wd-negative-gap elementor-section elementor-top-section elementor-element elementor-element-f6094d0 wd-section-stretch elementor-section-boxed elementor-section-height-default elementor-section-height-default\" data-id=\"f6094d0\" data-element_type=\"section\">\n\t\t\t\t\t\t<div class=\"elementor-container elementor-column-gap-default\">\n\t\t\t\t\t<div class=\"elementor-column elementor-col-50 elementor-top-column elementor-element elementor-element-9cee42e\" data-id=\"9cee42e\" data-element_type=\"column\">\n\t\t\t<div class=\"elementor-widget-wrap elementor-element-populated\">\n\t\t\t\t\t\t<div class=\"elementor-element elementor-element-27b2fb9 elementor-widget elementor-widget-wd_text_block\" data-id=\"27b2fb9\" data-element_type=\"widget\" data-widget_type=\"wd_text_block.default\">\n\t\t\t\t<div class=\"elementor-widget-container\">\n\t\t\t\t\t<div class=\"wd-text-block reset-last-child text-left\">\n\t\t\t\n\t\t\t<p>S\u00fcrd\u00fcr\u00fclebilirlik ve \u00e7evresel koruma konular\u0131ndaki kararl\u0131l\u0131\u011f\u0131m\u0131zla, Corteco \u00e7evresel etkiyi minimize eden ve operasyonel verimlili\u011fi ile \u00fcr\u00fcn performans\u0131n\u0131 maksimize eden ileri g\u00f6r\u00fc\u015fl\u00fc uygulamalar\u0131 benimsemektedir. \u0130novasyon ve i\u015f birli\u011fi k\u00fclt\u00fcr\u00fcm\u00fcz, m\u00fckemmeliyet aray\u0131\u015f\u0131m\u0131z\u0131 destekliyor.<\/p><p>Yedek par\u00e7a end\u00fcstrilerinin dinamik peyzaj\u0131nda sekt\u00f6r beklentilerini a\u015fma misyonumuzla, Corteco m\u00fc\u015fterilerimiz, payda\u015flar\u0131m\u0131z ve d\u00fcnya \u00e7ap\u0131ndaki topluluklar i\u00e7in kal\u0131c\u0131 ba\u015far\u0131ya ilham vermeye kararl\u0131d\u0131r. Freudenberg Grubu ile birlikte, Corteco d\u00fcr\u00fcstl\u00fck, yenilik\u00e7ilik ve m\u00fckemmeli\u011fe kar\u015f\u0131 sars\u0131lmaz bir ba\u011fl\u0131l\u0131kla mobilite gelece\u011fini \u015fekillendirmeyi d\u00f6rt g\u00f6zle bekliyor.<\/p><p>Freudenberg Conta Teknolojileri'nin ba\u011f\u0131ms\u0131z sat\u0131\u015f sonras\u0131 b\u00f6l\u00fcm\u00fc olarak, yedek par\u00e7alarda \u00f6d\u00fcns\u00fcz m\u00fckemmeliyeti \u00f6ncelikli hale getiriyoruz. Di\u011fer tedarik\u00e7ilere g\u00f6re seri geli\u015ftirme s\u00fcrecine daha yak\u0131n konumlanm\u0131\u015f olarak, OEM kalitesi ile d\u00fc\u015f\u00fck kaliteli alternatifler aras\u0131ndaki fark, Freudenberg'in son teknoloji test tesislerini ziyaret ederek a\u00e7\u0131k\u00e7a ortaya \u00e7\u0131kar.<\/p>\n\t\t\t\t\t<\/div>\n\t\t\t\t<\/div>\n\t\t\t\t<\/div>\n\t\t\t\t\t<\/div>\n\t\t<\/div>\n\t\t\t\t<div class=\"elementor-column elementor-col-50 elementor-top-column elementor-element elementor-element-1c3ff05\" data-id=\"1c3ff05\" data-element_type=\"column\">\n\t\t\t<div class=\"elementor-widget-wrap elementor-element-populated\">\n\t\t\t\t\t\t<div class=\"elementor-element elementor-element-07a1683 elementor-widget elementor-widget-image\" data-id=\"07a1683\" data-element_type=\"widget\" data-widget_type=\"image.default\">\n\t\t\t\t<div class=\"elementor-widget-container\">\n\t\t\t\t\t\t\t\t\t\t\t\t\t<img loading=\"lazy\" decoding=\"async\" width=\"768\" height=\"797\" src=\"https:\/\/akkayaotomotiv.com.tr\/wp-content\/uploads\/2024\/07\/corteco-yedek-parca-1-768x797.webp\" class=\"attachment-medium_large size-medium_large wp-image-11099\" alt=\"\" srcset=\"https:\/\/akkayaotomotiv.com.tr\/wp-content\/uploads\/2024\/07\/corteco-yedek-parca-1-768x797.webp 768w, https:\/\/akkayaotomotiv.com.tr\/wp-content\/uploads\/2024\/07\/corteco-yedek-parca-1-289x300.webp 289w, https:\/\/akkayaotomotiv.com.tr\/wp-content\/uploads\/2024\/07\/corteco-yedek-parca-1-771x800.webp 771w, https:\/\/akkayaotomotiv.com.tr\/wp-content\/uploads\/2024\/07\/corteco-yedek-parca-1-1480x1536.webp 1480w, https:\/\/akkayaotomotiv.com.tr\/wp-content\/uploads\/2024\/07\/corteco-yedek-parca-1.webp 1850w\" sizes=\"(max-width: 768px) 100vw, 768px\" \/>\t\t\t\t\t\t\t\t\t\t\t\t\t<\/div>\n\t\t\t\t<\/div>\n\t\t\t\t\t<\/div>\n\t\t<\/div>\n\t\t\t\t\t<\/div>\n\t\t<\/section>\n\t\t\t\t<section class=\"wd-negative-gap elementor-section elementor-top-section elementor-element elementor-element-2194903 wd-section-stretch elementor-section-boxed elementor-section-height-default elementor-section-height-default\" data-id=\"2194903\" data-element_type=\"section\">\n\t\t\t\t\t\t<div class=\"elementor-container elementor-column-gap-default\">\n\t\t\t\t\t<div class=\"elementor-column elementor-col-100 elementor-top-column elementor-element elementor-element-8b671e2\" data-id=\"8b671e2\" data-element_type=\"column\">\n\t\t\t<div class=\"elementor-widget-wrap elementor-element-populated\">\n\t\t\t\t\t\t<div class=\"elementor-element elementor-element-a055d63 elementor-widget elementor-widget-wd_text_block\" data-id=\"a055d63\" data-element_type=\"widget\" data-widget_type=\"wd_text_block.default\">\n\t\t\t\t<div class=\"elementor-widget-container\">\n\t\t\t\t\t<div class=\"wd-text-block reset-last-child text-left\">\n\t\t\t\n\t\t\t<p>Automotiv seri geli\u015ftirme s\u00fcrecinden miras ald\u0131\u011f\u0131m\u0131z geni\u015f deneyim ve s\u0131k\u0131 standartlar\u0131m\u0131zdan faydalan\u0131n. Her Freudenberg \u00fcretim tesisi, do\u011frudan test kapasiteleri ile donat\u0131lm\u0131\u015f olup, 300'\u00fcn \u00fczerinde contalar i\u00e7in test istasyonuna sahiptir ve d\u00fcnyan\u0131n en b\u00fcy\u00fck laboratuvar\u0131na sahiptir. S\u0131k\u0131 testlerimiz, kontrol edilmi\u015f ortamlarda ger\u00e7ek d\u00fcnya ko\u015fullar\u0131n\u0131 taklit ederek, 300.000 km'lik bir servis \u00f6mr\u00fc boyunca g\u00fcvenilirlik sa\u011flar.<\/p><p><strong>Corteco Yedek Par\u00e7alar\u0131<\/strong><\/p><p><strong>S\u0131zd\u0131rmazl\u0131k<\/strong>: Ara\u00e7lar\u0131n motorlar\u0131ndan di\u015flilerine, hidrolik sistemlerden elektronik cihazlara kadar geni\u015f bir uygulama yelpazesinde kullan\u0131lan s\u0131zd\u0131rmazl\u0131k \u00e7\u00f6z\u00fcmleri. S\u0131zd\u0131rmazl\u0131k \u00fcr\u00fcnleri, s\u0131v\u0131lar\u0131n veya gazlar\u0131n istenmeyen \u015fekilde s\u0131zmas\u0131n\u0131 \u00f6nlemek i\u00e7in tasarlanm\u0131\u015ft\u0131r.<\/p><p><strong>Kau\u00e7uk Metal Par\u00e7alar\u0131<\/strong>: Otomotiv end\u00fcstrisinde yayg\u0131n olarak kullan\u0131lan kau\u00e7uk ve metal kombinasyonundan \u00fcretilmi\u015f par\u00e7alar. Bu par\u00e7alar, titre\u015fim kontrol\u00fc, s\u00f6n\u00fcmleme ve y\u00fcksek s\u0131cakl\u0131k dayan\u0131m\u0131 gibi \u00f6zellikler sa\u011flamak i\u00e7in tasarlanm\u0131\u015ft\u0131r.<\/p><p><strong>Direksiyon ve S\u00fcspansiyon<\/strong>: Ara\u00e7lar\u0131n direksiyon ve s\u00fcspansiyon sistemlerinde kullan\u0131lan par\u00e7alar. Bu \u00fcr\u00fcnler, s\u00fcr\u00fc\u015f g\u00fcvenli\u011fi, konfor ve arac\u0131n yol tutu\u015f \u00f6zelliklerini sa\u011flamak i\u00e7in \u00f6nemlidir.<\/p><p><strong>Filtrasyon<\/strong>: Ara\u00e7lar\u0131n yak\u0131t, ya\u011f ve hava sistemlerinde kullan\u0131lan filtreler. Filtreler, motor ve di\u011fer mekanik bile\u015fenlerin uzun \u00f6m\u00fcrl\u00fc olmas\u0131n\u0131 sa\u011flamak i\u00e7in tasarlanm\u0131\u015ft\u0131r, kirleticileri ve partik\u00fclleri tutarak temiz \u00e7al\u0131\u015fma ortam\u0131 sa\u011flarlar.<\/p>\n\t\t\t\t\t<\/div>\n\t\t\t\t<\/div>\n\t\t\t\t<\/div>\n\t\t\t\t\t<\/div>\n\t\t<\/div>\n\t\t\t\t\t<\/div>\n\t\t<\/section>\n\t\t\t\t<\/div>\n\t\t","protected":false},"excerpt":{"rendered":"<p>Corteco, Freudenberg Grubu&#8217;nun \u00f6nde gelen bir par\u00e7as\u0131 olarak, yedek par\u00e7a end\u00fcstrisinde m\u00fckemmeliyet ve yenilik\u00e7ilik konusundaki kararl\u0131l\u0131\u011f\u0131n\u0131 simgeliyor. Hassas m\u00fchendislik gelene\u011fini<\/p>\n","protected":false},"author":1,"featured_media":0,"parent":0,"menu_order":0,"comment_status":"closed","ping_status":"closed","template":"","meta":{"footnotes":""},"class_list":["post-11095","page","type-page","status-publish","hentry"],"_links":{"self":[{"href":"https:\/\/akkayaotomotiv.com.tr\/index.php\/wp-json\/wp\/v2\/pages\/11095","targetHints":{"allow":["GET"]}}],"collection":[{"href":"https:\/\/akkayaotomotiv.com.tr\/index.php\/wp-json\/wp\/v2\/pages"}],"about":[{"href":"https:\/\/akkayaotomotiv.com.tr\/index.php\/wp-json\/wp\/v2\/types\/page"}],"author":[{"embeddable":true,"href":"https:\/\/akkayaotomotiv.com.tr\/index.php\/wp-json\/wp\/v2\/users\/1"}],"replies":[{"embeddable":true,"href":"https:\/\/akkayaotomotiv.com.tr\/index.php\/wp-json\/wp\/v2\/comments?post=11095"}],"version-history":[{"count":13,"href":"https:\/\/akkayaotomotiv.com.tr\/index.php\/wp-json\/wp\/v2\/pages\/11095\/revisions"}],"predecessor-version":[{"id":11235,"href":"https:\/\/akkayaotomotiv.com.tr\/index.php\/wp-json\/wp\/v2\/pages\/11095\/revisions\/11235"}],"wp:attachment":[{"href":"https:\/\/akkayaotomotiv.com.tr\/index.php\/wp-json\/wp\/v2\/media?parent=11095"}],"curies":[{"name":"wp","href":"https:\/\/api.w.org\/{rel}","templated":true}]}}