{"id":11085,"date":"2024-07-05T00:29:02","date_gmt":"2024-07-04T21:29:02","guid":{"rendered":"https:\/\/akkayaotomotiv.com.tr\/?page_id=11085"},"modified":"2024-09-18T01:15:43","modified_gmt":"2024-09-17T22:15:43","slug":"seim-yedek-parca","status":"publish","type":"page","link":"https:\/\/akkayaotomotiv.com.tr\/index.php\/seim-yedek-parca\/","title":{"rendered":"Seim Yedek Par\u00e7a"},"content":{"rendered":"\t\t<div data-elementor-type=\"wp-page\" data-elementor-id=\"11085\" class=\"elementor elementor-11085\" data-elementor-post-type=\"page\">\n\t\t\t\t\t\t<section class=\"wd-negative-gap elementor-section elementor-top-section elementor-element elementor-element-30f4b337 elementor-section-content-middle wd-section-stretch elementor-section-height-min-height elementor-section-boxed elementor-section-height-default elementor-section-items-middle\" data-id=\"30f4b337\" data-element_type=\"section\" data-settings=\"{&quot;background_background&quot;:&quot;classic&quot;}\">\n\t\t\t\t\t\t\t<div class=\"elementor-background-overlay\"><\/div>\n\t\t\t\t\t\t\t<div class=\"elementor-container elementor-column-gap-default\">\n\t\t\t\t\t<div class=\"elementor-column elementor-col-100 elementor-top-column elementor-element elementor-element-709130a2\" data-id=\"709130a2\" data-element_type=\"column\">\n\t\t\t<div class=\"elementor-widget-wrap elementor-element-populated\">\n\t\t\t\t\t\t\t<\/div>\n\t\t<\/div>\n\t\t\t\t\t<\/div>\n\t\t<\/section>\n\t\t\t\t<section class=\"wd-negative-gap elementor-section elementor-top-section elementor-element elementor-element-9dcaf7b wd-section-stretch elementor-section-boxed elementor-section-height-default elementor-section-height-default\" data-id=\"9dcaf7b\" data-element_type=\"section\">\n\t\t\t\t\t\t<div class=\"elementor-container elementor-column-gap-default\">\n\t\t\t\t\t<div class=\"elementor-column elementor-col-50 elementor-top-column elementor-element elementor-element-e3f0f89\" data-id=\"e3f0f89\" data-element_type=\"column\">\n\t\t\t<div class=\"elementor-widget-wrap elementor-element-populated\">\n\t\t\t\t\t\t<div class=\"elementor-element elementor-element-6fe2c2a elementor-widget elementor-widget-image\" data-id=\"6fe2c2a\" data-element_type=\"widget\" data-widget_type=\"image.default\">\n\t\t\t\t<div class=\"elementor-widget-container\">\n\t\t\t\t\t\t\t\t\t\t\t\t\t<img fetchpriority=\"high\" decoding=\"async\" width=\"741\" height=\"286\" src=\"https:\/\/akkayaotomotiv.com.tr\/wp-content\/uploads\/2024\/09\/seim_logo.png\" class=\"attachment-large size-large wp-image-11179\" alt=\"\" srcset=\"https:\/\/akkayaotomotiv.com.tr\/wp-content\/uploads\/2024\/09\/seim_logo.png 741w, https:\/\/akkayaotomotiv.com.tr\/wp-content\/uploads\/2024\/09\/seim_logo-400x154.png 400w\" sizes=\"(max-width: 741px) 100vw, 741px\" \/>\t\t\t\t\t\t\t\t\t\t\t\t\t<\/div>\n\t\t\t\t<\/div>\n\t\t\t\t<div class=\"elementor-element elementor-element-a8d9c2a elementor-widget elementor-widget-image\" data-id=\"a8d9c2a\" data-element_type=\"widget\" data-widget_type=\"image.default\">\n\t\t\t\t<div class=\"elementor-widget-container\">\n\t\t\t\t\t\t\t\t\t\t\t\t\t<img decoding=\"async\" width=\"800\" height=\"800\" src=\"https:\/\/akkayaotomotiv.com.tr\/wp-content\/uploads\/2024\/07\/seim-yedek-parca-800x800.jpg\" class=\"attachment-large size-large wp-image-11088\" alt=\"\" srcset=\"https:\/\/akkayaotomotiv.com.tr\/wp-content\/uploads\/2024\/07\/seim-yedek-parca-800x800.jpg 800w, https:\/\/akkayaotomotiv.com.tr\/wp-content\/uploads\/2024\/07\/seim-yedek-parca-300x300.jpg 300w, https:\/\/akkayaotomotiv.com.tr\/wp-content\/uploads\/2024\/07\/seim-yedek-parca-150x150.jpg 150w, https:\/\/akkayaotomotiv.com.tr\/wp-content\/uploads\/2024\/07\/seim-yedek-parca-768x768.jpg 768w, https:\/\/akkayaotomotiv.com.tr\/wp-content\/uploads\/2024\/07\/seim-yedek-parca-700x700.jpg 700w, https:\/\/akkayaotomotiv.com.tr\/wp-content\/uploads\/2024\/07\/seim-yedek-parca.jpg 1024w\" sizes=\"(max-width: 800px) 100vw, 800px\" \/>\t\t\t\t\t\t\t\t\t\t\t\t\t<\/div>\n\t\t\t\t<\/div>\n\t\t\t\t\t<\/div>\n\t\t<\/div>\n\t\t\t\t<div class=\"elementor-column elementor-col-50 elementor-top-column elementor-element elementor-element-8aded48\" data-id=\"8aded48\" data-element_type=\"column\">\n\t\t\t<div class=\"elementor-widget-wrap elementor-element-populated\">\n\t\t\t\t\t\t<div class=\"elementor-element elementor-element-36d8e27 elementor-widget elementor-widget-wd_text_block\" data-id=\"36d8e27\" data-element_type=\"widget\" data-widget_type=\"wd_text_block.default\">\n\t\t\t\t<div class=\"elementor-widget-container\">\n\t\t\t\t\t\t<link rel=\"stylesheet\" id=\"wd-text-block-css\" href=\"https:\/\/akkayaotomotiv.com.tr\/wp-content\/themes\/woodmart\/css\/parts\/el-text-block.min.css?ver=7.1.4\" type=\"text\/css\" media=\"all\" \/> \t\t\t\t\t<div class=\"wd-text-block reset-last-child text-left\">\n\t\t\t\n\t\t\t<p>SEIM: Yenilik\u00e7i Otomotiv \u00c7\u00f6z\u00fcmlerinde T\u00fcrkiye Bayisi Olarak Hizmetinizdeyiz<\/p><p>Akkaya Otomotiv olarak, otomotiv sekt\u00f6r\u00fcnde 50 y\u0131l\u0131 a\u015fk\u0131n s\u00fcredir faaliyet g\u00f6steren ve \u00f6zellikle elektrikli par\u00e7alar alan\u0131nda uzmanla\u015fm\u0131\u015f bir marka olan SEIM'in T\u00fcrkiye bayisi olman\u0131n gururunu ta\u015f\u0131yoruz. SEIM, Fransa merkezli bir \u015firket olarak, kaliteye ve inovasyona odaklanarak global otomotiv pazar\u0131nda kendine sa\u011flam bir yer edinmi\u015ftir.<\/p><p>SEIM, otomotiv sekt\u00f6r\u00fcnde geni\u015f bir \u00fcr\u00fcn yelpazesine sahiptir. \u00dcr\u00fcn gam\u0131nda elektrikli cam krikolar\u0131, pencere kald\u0131rma sistemleri, aynalar, kap\u0131 kilitleri ve di\u011fer elektrikli ara\u00e7 bile\u015fenleri yer almaktad\u0131r. SEIM'in t\u00fcm \u00fcr\u00fcnleri, ara\u00e7lar\u0131n konforunu, g\u00fcvenli\u011fini ve i\u015flevselli\u011fini art\u0131rmak amac\u0131yla y\u00fcksek kalite standartlar\u0131na uygun olarak \u00fcretilir.<\/p><p>SEIM, m\u00fchendislik m\u00fckemmelli\u011fi ile tan\u0131n\u0131r ve \u00fcretim s\u00fcre\u00e7lerinde en son teknolojileri kullanarak, dayan\u0131kl\u0131 ve uzun \u00f6m\u00fcrl\u00fc \u00fcr\u00fcnler sunar. SEIM'in ba\u015far\u0131s\u0131n\u0131n arkas\u0131nda, m\u00fc\u015fteri ihtiya\u00e7lar\u0131na odaklanma ve pazar\u0131n s\u00fcrekli de\u011fi\u015fen taleplerine h\u0131zl\u0131 yan\u0131t verme yetene\u011fi yatmaktad\u0131r. Bu sayede, SEIM \u00fcr\u00fcnleri d\u00fcnya \u00e7ap\u0131nda bir\u00e7ok ara\u00e7 \u00fcreticisi ve yedek par\u00e7a tedarik\u00e7isi taraf\u0131ndan tercih edilmektedir.<\/p>\n\t\t\t\t\t<\/div>\n\t\t\t\t<\/div>\n\t\t\t\t<\/div>\n\t\t\t\t\t<\/div>\n\t\t<\/div>\n\t\t\t\t\t<\/div>\n\t\t<\/section>\n\t\t\t\t<section class=\"wd-negative-gap elementor-section elementor-top-section elementor-element elementor-element-2194903 wd-section-stretch elementor-section-boxed elementor-section-height-default elementor-section-height-default\" data-id=\"2194903\" data-element_type=\"section\">\n\t\t\t\t\t\t<div class=\"elementor-container elementor-column-gap-default\">\n\t\t\t\t\t<div class=\"elementor-column elementor-col-100 elementor-top-column elementor-element elementor-element-8b671e2\" data-id=\"8b671e2\" data-element_type=\"column\">\n\t\t\t<div class=\"elementor-widget-wrap elementor-element-populated\">\n\t\t\t\t\t\t<div class=\"elementor-element elementor-element-a055d63 elementor-widget elementor-widget-wd_text_block\" data-id=\"a055d63\" data-element_type=\"widget\" data-widget_type=\"wd_text_block.default\">\n\t\t\t\t<div class=\"elementor-widget-container\">\n\t\t\t\t\t<div class=\"wd-text-block reset-last-child text-left\">\n\t\t\t\n\t\t\t<p>Akkaya Otomotiv olarak, SEIM\u2019in yenilik\u00e7i ve g\u00fcvenilir \u00fcr\u00fcnlerini T\u00fcrkiye pazar\u0131na sunmaktan b\u00fcy\u00fck memnuniyet duyuyoruz. T\u00fcrkiye genelinde geni\u015f bir da\u011f\u0131t\u0131m a\u011f\u0131 ile SEIM \u00fcr\u00fcnlerini en h\u0131zl\u0131 ve g\u00fcvenilir \u015fekilde m\u00fc\u015fterilerimize ula\u015ft\u0131rmay\u0131 hedefliyoruz. SEIM\u2019in \u00fcst\u00fcn teknolojisi ve kalitesi ile T\u00fcrkiye otomotiv sekt\u00f6r\u00fcnde fark yaratmak ve m\u00fc\u015fterilerimize en iyi \u00e7\u00f6z\u00fcmleri sunmak i\u00e7in var g\u00fcc\u00fcm\u00fczle \u00e7al\u0131\u015f\u0131yoruz.<\/p><p>SEIM \u00fcr\u00fcnleri, ara\u00e7 sahiplerine daha g\u00fcvenli, konforlu ve verimli bir s\u00fcr\u00fc\u015f deneyimi sunar. Akkaya Otomotiv olarak, SEIM\u2019in T\u00fcrkiye\u2019deki tek yetkili bayisi olarak, ara\u00e7lar\u0131n\u0131z\u0131n ihtiya\u00e7 duydu\u011fu bu y\u00fcksek kaliteli elektrikli par\u00e7alar\u0131 sunmaktan gurur duyuyoruz. SEIM markas\u0131 ile ger\u00e7ekle\u015ftirdi\u011fimiz bu i\u015f birli\u011fi, otomotiv sekt\u00f6r\u00fcndeki lider konumumuzu g\u00fc\u00e7lendirmekte ve m\u00fc\u015fterilerimize en iyi hizmeti sunmam\u0131za olanak tan\u0131maktad\u0131r.<\/p><p>Sizleri de SEIM\u2019in yenilik\u00e7i \u00fcr\u00fcnlerini deneyimlemeye ve Akkaya Otomotiv g\u00fcvencesiyle sunulan bu \u00e7\u00f6z\u00fcmlerle tan\u0131\u015fmaya davet ediyoruz.<\/p>\n\t\t\t\t\t<\/div>\n\t\t\t\t<\/div>\n\t\t\t\t<\/div>\n\t\t\t\t<div class=\"elementor-element elementor-element-001b9bc elementor-widget elementor-widget-image-gallery\" data-id=\"001b9bc\" data-element_type=\"widget\" data-widget_type=\"image-gallery.default\">\n\t\t\t\t<div class=\"elementor-widget-container\">\n\t\t\t\t\t<div class=\"elementor-image-gallery\">\n\t\t\t\t\t\t<link rel=\"stylesheet\" id=\"wd-mfp-popup-css\" href=\"https:\/\/akkayaotomotiv.com.tr\/wp-content\/themes\/woodmart\/css\/parts\/lib-magnific-popup.min.css?ver=7.1.4\" type=\"text\/css\" media=\"all\" \/> \t\t\t\n\t\t<style type=\"text\/css\">\n\t\t\t#gallery-1 {\n\t\t\t\tmargin: auto;\n\t\t\t}\n\t\t\t#gallery-1 .gallery-item {\n\t\t\t\tfloat: left;\n\t\t\t\tmargin-top: 10px;\n\t\t\t\ttext-align: center;\n\t\t\t\twidth: 16%;\n\t\t\t}\n\t\t\t#gallery-1 img {\n\t\t\t\tborder: 2px solid #cfcfcf;\n\t\t\t}\n\t\t\t#gallery-1 .gallery-caption {\n\t\t\t\tmargin-left: 0;\n\t\t\t}\n\t\t\t\/* see gallery_shortcode() in wp-includes\/media.php *\/\n\t\t<\/style>\n\t\t<div id='gallery-1' class='gallery galleryid-11085 gallery-columns-6 gallery-size-large'><dl class='gallery-item'>\n\t\t\t<dt class='gallery-icon landscape'>\n\t\t\t\t<a data-elementor-open-lightbox=\"yes\" data-elementor-lightbox-slideshow=\"001b9bc\" data-elementor-lightbox-title=\"SEI-105800\" data-e-action-hash=\"#elementor-action%3Aaction%3Dlightbox%26settings%3DeyJpZCI6MTExODEsInVybCI6Imh0dHBzOlwvXC9ha2theWFvdG9tb3Rpdi5jb20udHJcL3dwLWNvbnRlbnRcL3VwbG9hZHNcLzIwMjRcLzA5XC9TRUktMTA1ODAwLmpwZyIsInNsaWRlc2hvdyI6IjAwMWI5YmMifQ%3D%3D\" href='https:\/\/akkayaotomotiv.com.tr\/wp-content\/uploads\/2024\/09\/SEI-105800.jpg'><img decoding=\"async\" width=\"600\" height=\"400\" src=\"https:\/\/akkayaotomotiv.com.tr\/wp-content\/uploads\/2024\/09\/SEI-105800.jpg\" class=\"attachment-large size-large\" alt=\"\" srcset=\"https:\/\/akkayaotomotiv.com.tr\/wp-content\/uploads\/2024\/09\/SEI-105800.jpg 600w, https:\/\/akkayaotomotiv.com.tr\/wp-content\/uploads\/2024\/09\/SEI-105800-400x267.jpg 400w\" sizes=\"(max-width: 600px) 100vw, 600px\" \/><\/a>\n\t\t\t<\/dt><\/dl><dl class='gallery-item'>\n\t\t\t<dt class='gallery-icon landscape'>\n\t\t\t\t<a data-elementor-open-lightbox=\"yes\" data-elementor-lightbox-slideshow=\"001b9bc\" data-elementor-lightbox-title=\"SEI-081490\" data-e-action-hash=\"#elementor-action%3Aaction%3Dlightbox%26settings%3DeyJpZCI6MTExODIsInVybCI6Imh0dHBzOlwvXC9ha2theWFvdG9tb3Rpdi5jb20udHJcL3dwLWNvbnRlbnRcL3VwbG9hZHNcLzIwMjRcLzA5XC9TRUktMDgxNDkwLmpwZyIsInNsaWRlc2hvdyI6IjAwMWI5YmMifQ%3D%3D\" href='https:\/\/akkayaotomotiv.com.tr\/wp-content\/uploads\/2024\/09\/SEI-081490.jpg'><img loading=\"lazy\" decoding=\"async\" width=\"600\" height=\"400\" src=\"https:\/\/akkayaotomotiv.com.tr\/wp-content\/uploads\/2024\/09\/SEI-081490.jpg\" class=\"attachment-large size-large\" alt=\"\" srcset=\"https:\/\/akkayaotomotiv.com.tr\/wp-content\/uploads\/2024\/09\/SEI-081490.jpg 600w, https:\/\/akkayaotomotiv.com.tr\/wp-content\/uploads\/2024\/09\/SEI-081490-400x267.jpg 400w\" sizes=\"(max-width: 600px) 100vw, 600px\" \/><\/a>\n\t\t\t<\/dt><\/dl><dl class='gallery-item'>\n\t\t\t<dt class='gallery-icon landscape'>\n\t\t\t\t<a data-elementor-open-lightbox=\"yes\" data-elementor-lightbox-slideshow=\"001b9bc\" data-elementor-lightbox-title=\"SEI-109110\" data-e-action-hash=\"#elementor-action%3Aaction%3Dlightbox%26settings%3DeyJpZCI6MTExODMsInVybCI6Imh0dHBzOlwvXC9ha2theWFvdG9tb3Rpdi5jb20udHJcL3dwLWNvbnRlbnRcL3VwbG9hZHNcLzIwMjRcLzA5XC9TRUktMTA5MTEwLmpwZyIsInNsaWRlc2hvdyI6IjAwMWI5YmMifQ%3D%3D\" href='https:\/\/akkayaotomotiv.com.tr\/wp-content\/uploads\/2024\/09\/SEI-109110.jpg'><img loading=\"lazy\" decoding=\"async\" width=\"600\" height=\"400\" src=\"https:\/\/akkayaotomotiv.com.tr\/wp-content\/uploads\/2024\/09\/SEI-109110.jpg\" class=\"attachment-large size-large\" alt=\"\" srcset=\"https:\/\/akkayaotomotiv.com.tr\/wp-content\/uploads\/2024\/09\/SEI-109110.jpg 600w, https:\/\/akkayaotomotiv.com.tr\/wp-content\/uploads\/2024\/09\/SEI-109110-400x267.jpg 400w\" sizes=\"(max-width: 600px) 100vw, 600px\" \/><\/a>\n\t\t\t<\/dt><\/dl><dl class='gallery-item'>\n\t\t\t<dt class='gallery-icon landscape'>\n\t\t\t\t<a data-elementor-open-lightbox=\"yes\" data-elementor-lightbox-slideshow=\"001b9bc\" data-elementor-lightbox-title=\"SEI-050840\" data-e-action-hash=\"#elementor-action%3Aaction%3Dlightbox%26settings%3DeyJpZCI6MTExODQsInVybCI6Imh0dHBzOlwvXC9ha2theWFvdG9tb3Rpdi5jb20udHJcL3dwLWNvbnRlbnRcL3VwbG9hZHNcLzIwMjRcLzA5XC9TRUktMDUwODQwLmpwZyIsInNsaWRlc2hvdyI6IjAwMWI5YmMifQ%3D%3D\" href='https:\/\/akkayaotomotiv.com.tr\/wp-content\/uploads\/2024\/09\/SEI-050840.jpg'><img loading=\"lazy\" decoding=\"async\" width=\"600\" height=\"400\" src=\"https:\/\/akkayaotomotiv.com.tr\/wp-content\/uploads\/2024\/09\/SEI-050840.jpg\" class=\"attachment-large size-large\" alt=\"\" srcset=\"https:\/\/akkayaotomotiv.com.tr\/wp-content\/uploads\/2024\/09\/SEI-050840.jpg 600w, https:\/\/akkayaotomotiv.com.tr\/wp-content\/uploads\/2024\/09\/SEI-050840-400x267.jpg 400w\" sizes=\"(max-width: 600px) 100vw, 600px\" \/><\/a>\n\t\t\t<\/dt><\/dl><dl class='gallery-item'>\n\t\t\t<dt class='gallery-icon landscape'>\n\t\t\t\t<a data-elementor-open-lightbox=\"yes\" data-elementor-lightbox-slideshow=\"001b9bc\" data-elementor-lightbox-title=\"SEI-981568.thumb\" data-e-action-hash=\"#elementor-action%3Aaction%3Dlightbox%26settings%3DeyJpZCI6MTExODUsInVybCI6Imh0dHBzOlwvXC9ha2theWFvdG9tb3Rpdi5jb20udHJcL3dwLWNvbnRlbnRcL3VwbG9hZHNcLzIwMjRcLzA5XC9TRUktOTgxNTY4LnRodW1iXy5qcGciLCJzbGlkZXNob3ciOiIwMDFiOWJjIn0%3D\" href='https:\/\/akkayaotomotiv.com.tr\/wp-content\/uploads\/2024\/09\/SEI-981568.thumb_.jpg'><img loading=\"lazy\" decoding=\"async\" width=\"200\" height=\"124\" src=\"https:\/\/akkayaotomotiv.com.tr\/wp-content\/uploads\/2024\/09\/SEI-981568.thumb_.jpg\" class=\"attachment-large size-large\" alt=\"\" \/><\/a>\n\t\t\t<\/dt><\/dl><dl class='gallery-item'>\n\t\t\t<dt class='gallery-icon landscape'>\n\t\t\t\t<a data-elementor-open-lightbox=\"yes\" data-elementor-lightbox-slideshow=\"001b9bc\" data-elementor-lightbox-title=\"SEI-101151\" data-e-action-hash=\"#elementor-action%3Aaction%3Dlightbox%26settings%3DeyJpZCI6MTExODYsInVybCI6Imh0dHBzOlwvXC9ha2theWFvdG9tb3Rpdi5jb20udHJcL3dwLWNvbnRlbnRcL3VwbG9hZHNcLzIwMjRcLzA5XC9TRUktMTAxMTUxLmpwZyIsInNsaWRlc2hvdyI6IjAwMWI5YmMifQ%3D%3D\" href='https:\/\/akkayaotomotiv.com.tr\/wp-content\/uploads\/2024\/09\/SEI-101151.jpg'><img loading=\"lazy\" decoding=\"async\" width=\"600\" height=\"400\" src=\"https:\/\/akkayaotomotiv.com.tr\/wp-content\/uploads\/2024\/09\/SEI-101151.jpg\" class=\"attachment-large size-large\" alt=\"\" srcset=\"https:\/\/akkayaotomotiv.com.tr\/wp-content\/uploads\/2024\/09\/SEI-101151.jpg 600w, https:\/\/akkayaotomotiv.com.tr\/wp-content\/uploads\/2024\/09\/SEI-101151-400x267.jpg 400w\" sizes=\"(max-width: 600px) 100vw, 600px\" \/><\/a>\n\t\t\t<\/dt><\/dl><br style=\"clear: both\" \/>\n\t\t<\/div>\n\t\t<\/div>\n\t\t\t\t<\/div>\n\t\t\t\t<\/div>\n\t\t\t\t<div class=\"elementor-element elementor-element-35b45f1 elementor-widget elementor-widget-wd_text_block\" data-id=\"35b45f1\" data-element_type=\"widget\" data-widget_type=\"wd_text_block.default\">\n\t\t\t\t<div class=\"elementor-widget-container\">\n\t\t\t\t\t<div class=\"wd-text-block reset-last-child text-left\">\n\t\t\t\n\t\t\t<p><strong>Seim Marka Yedek Par\u00e7alar\u0131<\/strong><\/p><p><strong>Kablo: <\/strong>Ara\u00e7 i\u00e7i veya ara\u00e7 d\u0131\u015f\u0131 ba\u011flant\u0131 ve ileti\u015fim i\u00e7in kullan\u0131lan elektrik veya mekanik ba\u011flant\u0131 elemanlar\u0131.<\/p><p><strong> Vites Kutusu Kontrol\u00fc:<\/strong> Ara\u00e7lar\u0131n vites de\u011fi\u015fim i\u015flemlerini sa\u011flayan mekanizman\u0131n kontrol\u00fc ve par\u00e7alar\u0131.<\/p><p><strong>Turbo Hortumu:<\/strong> Turbo\u015farj sistemlerinde kullan\u0131lan hortumlar; genellikle y\u00fcksek s\u0131cakl\u0131k dayan\u0131m\u0131 ve bas\u0131n\u00e7 performans\u0131 gerektirir.<\/p><p><strong>Y\u0131kama:<\/strong> Ara\u00e7lar\u0131n d\u0131\u015f ve i\u00e7 temizli\u011fi i\u00e7in kullan\u0131lan temizlik \u00fcr\u00fcnleri ve ekipmanlar\u0131.<\/p><p><strong>Cam Kald\u0131rma:<\/strong> Ara\u00e7lar\u0131n camlar\u0131n\u0131 a\u00e7\u0131p kapatmay\u0131 sa\u011flayan mekanik veya elektriksel sistemler.<\/p><p><strong>Teknik Par\u00e7alar:<\/strong> Ara\u00e7lar\u0131n teknik i\u015flevlerini yerine getiren, genellikle motor, \u015fanz\u0131man veya elektrik sistemlerinde kullan\u0131lan par\u00e7alar.<\/p><p><strong>Yak\u0131t Hortumu:<\/strong> Ara\u00e7lar\u0131n yak\u0131t sistemlerinde kullan\u0131lan, yak\u0131t iletimini sa\u011flayan hortumlar.<\/p><p><strong>FAP Katk\u0131lar\u0131:<\/strong> Filtre Partik\u00fcl Azaltma (FAP) sistemleri i\u00e7in kullan\u0131lan temizleme ve bak\u0131m katk\u0131lar\u0131.<\/p>\n\t\t\t\t\t<\/div>\n\t\t\t\t<\/div>\n\t\t\t\t<\/div>\n\t\t\t\t\t<\/div>\n\t\t<\/div>\n\t\t\t\t\t<\/div>\n\t\t<\/section>\n\t\t\t\t<\/div>\n\t\t","protected":false},"excerpt":{"rendered":"<p>SEIM: Yenilik\u00e7i Otomotiv \u00c7\u00f6z\u00fcmlerinde T\u00fcrkiye Bayisi Olarak Hizmetinizdeyiz Akkaya Otomotiv olarak, otomotiv sekt\u00f6r\u00fcnde 50 y\u0131l\u0131 a\u015fk\u0131n s\u00fcredir faaliyet g\u00f6steren ve<\/p>\n","protected":false},"author":1,"featured_media":0,"parent":0,"menu_order":0,"comment_status":"closed","ping_status":"closed","template":"","meta":{"footnotes":""},"class_list":["post-11085","page","type-page","status-publish","hentry"],"_links":{"self":[{"href":"https:\/\/akkayaotomotiv.com.tr\/index.php\/wp-json\/wp\/v2\/pages\/11085","targetHints":{"allow":["GET"]}}],"collection":[{"href":"https:\/\/akkayaotomotiv.com.tr\/index.php\/wp-json\/wp\/v2\/pages"}],"about":[{"href":"https:\/\/akkayaotomotiv.com.tr\/index.php\/wp-json\/wp\/v2\/types\/page"}],"author":[{"embeddable":true,"href":"https:\/\/akkayaotomotiv.com.tr\/index.php\/wp-json\/wp\/v2\/users\/1"}],"replies":[{"embeddable":true,"href":"https:\/\/akkayaotomotiv.com.tr\/index.php\/wp-json\/wp\/v2\/comments?post=11085"}],"version-history":[{"count":10,"href":"https:\/\/akkayaotomotiv.com.tr\/index.php\/wp-json\/wp\/v2\/pages\/11085\/revisions"}],"predecessor-version":[{"id":11189,"href":"https:\/\/akkayaotomotiv.com.tr\/index.php\/wp-json\/wp\/v2\/pages\/11085\/revisions\/11189"}],"wp:attachment":[{"href":"https:\/\/akkayaotomotiv.com.tr\/index.php\/wp-json\/wp\/v2\/media?parent=11085"}],"curies":[{"name":"wp","href":"https:\/\/api.w.org\/{rel}","templated":true}]}}